True
Is 4450093 a prime number?
False
Is 4052539 a composite number?
True
Is 35965573 a composite number?
True
Is 1405795 composite?
True
Is 45107707 a prime number?
True
Is 5298681 a composite number?
True
Is 166952299 prime?
True
Is 484996591 composite?
False
Is 377694061 prime?
False
Is 601519 composite?
True
Is 6248057 a composite number?
False
Is 87139315 a prime number?
False
Is 614423 a prime number?
False
Is 6929677 composite?
False
Is 13069367 prime?
False
Is 3571661 composite?
False
Is 1168693 composite?
False
Is 95731087 prime?
False
Is 652143667 prime?
False
Is 60541779 prime?
False
Is 5274641 a composite number?
True
Is 210931811 a composite number?
False
Is 5560931 a prime number?
True
Is 729251 composite?
True
Is 362801 prime?
True
Is 127670371 a prime number?
True
Is 2417683 a composite number?
False
Is 104473637 composite?
False
Is 4678133 a prime number?
True
Is 147508679 a composite number?
True
Is 5020337 a prime number?
False
Is 3514859 a prime number?
True
Is 22077761 prime?
True
Is 6359777 a composite number?
False
Is 152815339 prime?
True
Is 317294773 composite?
False
Is 340178947 a prime number?
False
Is 158972399 a prime number?
True
Is 211745 prime?
False
Is 104205721 prime?
False
Is 2104987 a prime number?
True
Is 36855409 a prime number?
False
Is 2436314 a composite number?
True
Is 88570823 prime?
False
Is 2589031 a prime number?
False
Is 342187 a composite number?
False
Is 5917069 a composite number?
True
Is 9271169 a prime number?
True
Is 82009813 composite?
False
Is 33970523 a composite number?
True
Is 138344933 composite?
False
Is 326309 a prime number?
True
Is 2335373 a prime number?
False
Is 277201 prime?
False
Is 1704644785 composite?
True
Is 106957057 composite?
True
Is 163347 a prime number?
False
Is 6764939 composite?
False
Is 2715779 composite?
True
Is 4940849 prime?
False
Is 159719603 a composite number?
False
Is 10897727 composite?
False
Is 11677 a prime number?
True
Is 1193758 a prime number?
False
Is 33888997 a prime number?
True
Is 653743 a prime number?
True
Is 73650277 composite?
False
Is 189816653 a composite number?
True
Is 90098377 a prime number?
True
Is 3934663 a prime number?
False
Is 23693389 a composite number?
False
Is 29456311 a composite number?
False
Is 146231117 a composite number?
False
Is 16056581 a prime number?
True
Is 9059549 composite?
True
Is 2069573 composite?
True
Is 100267 a prime number?
True
Is 837526 a composite number?
True
Is 10576229 composite?
False
Is 445153253 prime?
False
Is 184367 a prime number?
False
Is 23247605 composite?
True
Is 19644913 prime?
True
Is 5596529 a composite number?
False
Is 91420379 a composite number?
False
Is 148638927 a composite number?
True
Is 17176507 prime?
True
Is 82019477 prime?
True
Is 59011291 a prime number?
True
Is 2366959 a composite number?
True
Is 67409637 a composite number?
True
Is 93546851 a prime number?
True
Is 19879469 prime?
True
Is 4969417 composite?
False
Is 30550189 a prime number?
False
Is 81194749 composite?
False
Is 14456749 prime?
False
Is 42692519 a composite number?
False
Is 26683837 a composite number?
False
Is 2017919 a composite number?
False
Is 2896519 composite?
False
Is 18757337 prime?
True
Is 107068961 prime?
False
Is 760372273 composite?
False
Is 3452531 composite?
True
Is 108405181 a prime number?
False
Is 52777 a prime number?
False
Is 53596209 a prime number?
False
Is 211172321 a composite number?
False
Is 50752777 prime?
True
Is 5323749 a prime number?
False
Is 6939397 prime?
False
Is 19504747 a prime number?
True
Is 2657843 composite?
False
Is 8172383 composite?
True
Is 8785771 composite?
True
Is 399875183 prime?
True
Is 99997411 a prime number?
True
Is 926791 composite?
True
Is 2029631 prime?
False
Is 7379663 a composite number?
True
Is 304843573 composite?
False
Is 5150987 prime?
True
Is 8849521 composite?
False
Is 25431463 prime?
False
Is 4144109 prime?
False
Is 24373043 a composite number?
False
Is 218898443 prime?
False
Is 156335269 a prime number?
False
Is 2976397 prime?
True
Is 6546971 prime?
False
Is 13861853 a composite number?
False
Is 91797269 a composite number?
False
Is 618377 a prime number?
True
Is 31148161 prime?
False
Is 383415277 composite?
True
Is 5873 a composite number?
True
Is 2323297 a prime number?
True
Is 31376911 a prime number?
False
Is 2964761 composite?
True
Is 245733041 a composite number?
False
Is 865502461 a prime number?
True
Is 13783489 a prime number?
False
Is 9531523 a prime number?
True
Is 12034051 prime?
True
Is 24834409 a composite number?
False
Is 187537907 a composite number?
True
Is 2082527 a composite number?
False
Is 105356723 a composite number?
True
Is 4608289 prime?
False
Is 7340813 composite?
False
Is 37583341 a composite number?
False
Is 23827399 a prime number?
True
Is 113180071 prime?
False
Is 115057 a composite number?
False
Is 339557 composite?
False
Is 1740649 prime?
True
Is 17480822 a prime number?
False
Is 990870859 prime?
False
Is 126396337 prime?
False
Is 871753277 composite?
False
Is 545207933 a composite number?
True
Is 2813171 prime?
True
Is 5556809 a prime number?
False
Is 14484489 a prime number?
False
Is 915016577 prime?
True
Is 3449813 a composite number?
True
Is 31087187 a composite number?
True
Is 10411927 a composite number?
False
Is 8609239 a prime number?
True
Is 77906369 prime?
False
Is 47675663 prime?
False
Is 2395037 a prime number?
False
Is 2372343 a composite number?
True
Is 933370595 a prime number?
False
Is 59554601 prime?
True
Is 7766497 composite?
True
Is 734497 composite?
False
Is 5616947 composite?
True
Is 487705573 a prime number?
True
Is 15437449 a prime number?
True
Is 1755463 composite?
True
Is 8096593 composite?
False
Is 678522419 composite?
False
Is 300382541 composite?
False
Is 872147 a composite number?
True
Is 6593563 a prime number?
True
Is 341844221 a composite number?
True
Is 1684961 composite?
True
Is 12745 composite?
True
Is 63220921 composite?
False
Is 68723491 composite?
True
Is 12095299 a composite number?
False
Is 317753 prime?
False
Is 248669557 composite?
True
Is 2388473 a prime number?
True
Is 1011889 a composite number?
False
Is 5088731 composite?
False
Is 238099 a prime number?
True
Is 6578777 a prime number?
True
Is 18767677 a prime number?
False
Is 5141597 a prime number?
False
Is 575177 prime?
True
Is 281994711 composite?
True
Is 6038717 a composite number?
False
Is 16378433 a composite number?
False
Is 609565483 prime?
True
Is 3097979 prime?
True
Is 19133515 prime?
False
Is 183370595 a composite number?
True
Is 11964453 a composite number?
True
Is 17175281 a composite number?
False
Is 2095303 a composite number?
True
Is 1163378813 a prime number?
False
Is 38491021 a prime number?
False
Is 37841899 composite?
True
Is 249121 prime?
False
Is 80890387 prime?
True
Is 466307755 a prime number?
False
Is 142271 prime?
True
Is 195838901 composite?
True
Is 53341401 a composite number?
True
Is 526363 a prime number?
False
Is 286863 composite?
True
Is 307133686 prime?
False
Is 14514667 prime?
True
Is 22046837 prime?
True
Is 60338879 a composite number?
True
Is 178602973 a prime number?
True
Is 4571597 prime?
True
Is 82596037 composite?
True
Is 93729373 a prime number?
True
Is 154547489 a prime number?
False
Is 18137737 a prime number?
True
Is 2277865 prime?
False
Is 198158369 composite?
True
Is 7864946 a composite number?
True
Is 226278937 a composite number?
True
Is 79740901 a composite number?
False
Is 25214149 composite?
True
Is 82254637 composite?
False
Is 7461554 prime?
False
Is 92037571 a prime number?
True
Is 424784239 a composite number?
True
Is 258150115 a composite number?
True
Is 8570509 composite?
False
Is 35619799 composite?
False
Is 233208469 a composite number?
True
Is 7126429 composite?
False
Is 1715059 a prime number?
True
Is 11878007 composite?
True
Is 54559959 a composite number?
True
Is 138679 a prime number?
True
Is 17576638 a prime number?
False
Is 484937 a prime number?
False
Is 71296153 a composite number?
True
Is 46330411 a prime number?
False
Is 1395167 a prime number?
True
Is 269760241 a composite number?
True
Is 3824413 a prime number?
True
Is 7061905 composite?
True
Is 4402087 a composite number?
True
Is 874919 prime?
True
Is 13781557 prime?
True
Is 1209617 a composite numb